 16 divide w?
False
Suppose -8 = 4*v, 322 = 5*x + v + 24. Let q(u) = -2*u - 4. Let b be q(-4). Suppose 4*w + b*a - x = -0*a, w - 3*a - 23 = 0. Is w a multiple of 17?
True
Suppose -p = -4*o - 258 - 190, 3*p - 4*o = 1384. Does 26 divide p?
True
Suppose 0*y + 2*v = 3*y - 36, y = 2*v + 12. Is y a multiple of 3?
True
Suppose -13 + 45 = d. Does 19 divide 100/(-8)*d/(-10)?
False
Is 2 a factor of -1 + (-3)/2*-6?
True
Suppose 0 = -5*x + 4*x - 3*i, -2*x + i = 0. Suppose 0 = 3*a + 2*j - 37, 0 = a - x*j + 5*j + 5. Is 8 a factor of a?
False
Suppose 2*s = 4*s - 46. Let b = -13 + s. Does 6 divide b?
False
Let p = 152 - 68. Is p a multiple of 12?
True
Let x be -11 - (-1)/(2/(-2)). Let q = 10 - x. Does 22 divide q?
True
Let i(w) = 15*w - 6. Does 4 divide i(2)?
True
Let j = 0 + 9. Is j + -2 + (7 - 2) a multiple of 7?
False
Let y be 1/2 + (-6)/(-4). Suppose 32 = i - y*x - 11, -3*i - x = -94. Does 11 divide i?
True
Let k be ((-36)/42)/((-3)/14). Suppose -200 = -8*f + k*f. Is 11 a factor of f?
False
Let r(h) = -h**3 + 12*h**2 - 7*h + 21. Is r(11) a multiple of 18?
False
Let f be (-5)/2 - 9/(-6). Let q(a) = -2*a**2 + 9*a + 2. Let y(d) = 1. Let c(o) = f*q(o) - 5*y(o). Is c(7) a multiple of 10?
False
Is 4 a factor of 2 - 5 - 1/1*-11?
True
Is (-2)/((-14)/1) - 446/(-14) a multiple of 11?
False
Let k = -13 - -24. Does 4 divide k?
False
Let b = -161 - -225. Suppose 8 = 4*z, 2*c - 3*z - z = b. Is 18 a factor of c?
True
Is 4 a factor of ((-9)/3 - -39) + -2?
False
Suppose -350 = -5*c - 5*i + 1085, 0 = -4*c - i + 1151. Is c a multiple of 36?
True
Suppose -4*h = -5*r + 444, 5*r + 5*h = 301 + 134. Is r a multiple of 11?
True
Let z(f) = 70*f + 4. Let s be z(2). Suppose -3*x + 240 = 2*x + i, 4*i + s = 3*x. Is 12 a factor of x?
True
Suppose 0 = 5*o - 4*m - 45, 0*o - 4*m = -2*o + 30. Suppose 0 = 3*r - 10 - o. Suppose 0 = -u - 3*p + 45, -u + 37 = -r*p - 0. Is 15 a factor of u?
False
Is (12/7)/((-2)/(-42)) a multiple of 6?
True
Let t = -7 - -3. Let w = 8 + t. Is w even?
True
Let h = 23 + -35. Does 3 divide (h/(-2))/(2/3)?
True
Suppose 49 = 4*c - 59. Is 3 a factor of c?
True
Let f = -5 + -4. Let m = f - -13. Suppose m*g = 4*s, -29 = -5*g - 2*s - 1. Does 4 divide g?
True
Let y = -7 + 62. Is y a multiple of 11?
True
Let v(n) = n**3 + 9*n**2 + 6*n + 5. Is v(-8) a multiple of 6?
False
Let w be 14/3 + 2/(-3). Suppose w*f + 27 = 139. Suppose -u + s - 2*s = -f, 0 = 2*s. Is u a multiple of 15?
False
Let d(b) = b**2 - 22*b + 46. Does 21 divide d(23)?
False
Let p(l) be the first derivative of -l**7/840 + l**6/360 + 5*l**4/8 - 2*l**3/3 + 1. Let t(z) be the third derivative of p(z). Does 10 divide t(0)?
False
Let k = -92 - -162. Is k a multiple of 14?
True
Suppose 0 = l - 1 - 2. Suppose 0*c = 5*p - 2*c - 144, l*c = 9. Does 9 divide p?
False
Let z = 32 - 11. Let w be 2361/7 + (-6)/z. Suppose 0 = 5*y - w + 92. Is y a multiple of 17?
False
Let v be 118/6 - (-2)/6. Let f = v - 14. Is 2 a factor of f?
True
Let g(z) = -z**3 + 9*z**2 - 6*z + 2. Let f be 3 + -4 + -2 - -8. Is g(f) a multiple of 18?
True
Let d(m) = -m**2 - 2. Let f(c) = -c. Let p(o) = -d(o) - 5*f(o). Let j be p(-5). Suppose v + v - 2*t = 30, -t - j = 0. Is v a multiple of 13?
True
Let j = 2 + 1. Let z(g) = -5 - 4 + 0*g + j*g. Does 5 divide z(7)?
False
Let m(c) = -c + 2. Let t be m(0). Suppose -t*o = 4*d - 58, 4*d + 22 - 4 = 2*o. Does 9 divide o?
False
Let f = -7 + 8. Let u = 3 - f. Is 170/14 - u/14 a multiple of 8?
False
Suppose -r = -4*a + 5, 4*r = -5*a - 6 - 14. Suppose a = j + 1 + 1. Is 13 a factor of (-72)/j + 21/7?
True
Let w = -77 + 132. Is 11 a factor of w?
True
Suppose 6*j = j. Suppose -5*z - 2*y - 17 + 153 = j, 64 = 2*z + 4*y. Is 9 a factor of z?
False
Suppose 5*a - 107 - 105 = v, -4*v - 74 = -2*a. Suppose 3*g - 145 = -a. Does 20 divide g?
False
Let k = -14 - -44. Let q = -19 + k. Is 9 a factor of q?
False
Suppose u - 2 - 1 = 0. Suppose u*c - 24 = -c. Suppose -2*t + c*t = 156. Does 14 divide t?
False
Let u = -3 - -6. Suppose u*w + w = 28. Suppose -w*g + 4*g = -75. Is g a multiple of 10?
False
Let w(m) = -m**3 + 2*m**2 + 3*m + 1. Is w(-3) a multiple of 20?
False
Suppose 5*r = -0*r - d - 6, -r - d = 2. Let z be (-1)/(r + (-3)/(-6)). Suppose f + 0*q + z*q - 3 = 0, 2*q + 15 = 5*f. Does 2 divide f?
False
Is 16 a factor of (-2 - 54/(-15))*10?
True
Let i = -36 + 50. Is 11 a factor of 304/i + (-2)/(-7)?
True
Let u = -12 + 13. Suppose 0 = 4*z - 35 - u. Is z a multiple of 5?
False
Suppose 6 = g - 4*n, -4*n - 71 = -5*g + 23. Suppose o = 2*u + g, u - 5*o - 4 + 24 = 0. Is 20 a factor of (-484)/u + 10/(-25)?
False
Let s be (-65)/2*36/(-30). Suppose 0 = -5*f + 4*d + s, 2*f - 2*d = 3*d + 2. Does 3 divide f?
False
Suppose 0 = -3*p - 0*p - q + 20, 0 = 5*p + 3*q - 36. Let m(u) = 2*u - 8. Let d be m(p). Suppose -5*c = -f - d*c + 24, -f + 2*c = -25. Does 8 divide f?
False
Suppose -142 = -2*h + 4*a + 98, -4*h + 5*a = -480. Suppose 2*r + 2*r = -320. Let l = r + h. Is 15 a factor of l?
False
Suppose -13*n + 971 + 1902 = 0. Does 15 divide n?
False
Let j(c) = c**3 + 12*c**2 + 10*c + 15. Is 12 a factor of j(-11)?
False
Let i(q) = -q**2 + 9*q - 10. Let c be i(8). Is 540/28 + c/7 a multiple of 12?
False
Let b be ((-6)/(-4))/(3/(-18)). Is 11 a factor of 1/((-1)/(-2)) - b?
True
Let n(t) = 2*t + 2. Let u(c) = 2*c - 8. Let i be u(6). Let z(g) = 3*g + 1. Let b(f) = i*n(f) - 3*z(f). Is b(0) a multiple of 5?
True
Suppose -7*m + 3*m + 5*w = -74, 10 = -5*w. Is 8 a factor of m?
True
Let v(w) = 45*w + 3. Does 8 divide v(1)?
True
Let u(x) = -5*x - 3. Let b be u(-2). Suppose -4*a = 3*o, a - 4*a - 25 = -4*o. Is b/((o - 2)/2) even?
False
Let i be (-2*1)/(-2 + 4). Does 5 divide 5 - 1*(i - 1)?
False
Let w(u) = 2*u**3 - 3*u**2 + u - 7. Let j(m) = 3*m**3 - 5*m**2 + 2*m - 13. Let y(z) = -3*j(z) + 5*w(z). Let b be y(-3). Let f = 38 + b. Is 18 a factor of f?
True
Suppose 17 = 5*n - 13. Suppose -n*y + 5*y = -29. Is y a multiple of 6?
False
Let b(k) be the second derivative of k**5/60 + k**4/6 - k**3/3 - 2*k. Let w(g) be the second derivative of b(g). Does 4 divide w(3)?
False
Let y(j) = -2*j**2 - 10*j + 7. Does 5 divide y(-4)?
True
Let x = -1 - -1. Suppose -3*w - 30 - 2 = 2*j, -3*j - 2*w - 38 = x. Is 2/(-1 - j/8) a multiple of 4?
True
Suppose 44 = 5*w - 4*m + 3*m, -5*w + 5*m + 60 = 0. Suppose 0 = w*o - 3*o. Let s = 15 + o. Is s a multiple of 8?
False
Let v(t) = t**2 - 3*t + 1. Is 4 a factor of v(4)?
False
Suppose -4*g = 3*u - 570, -6*u + u + 2*g = -976. Suppose -5*d = -u + 34. Is 22 a factor of d?
False
Let i(l) = -l + 1. Suppose 2 = 4*c + 6. Let x be i(c). Suppose 3*v + 2*h - 57 = h, x*h + 66 = 4*v. Is 8 a factor of v?
False
Let v = 6 + -9. Let z be 3*((-1 - v) + -1). Let l = 0 + z. Is 2 a factor of l?
False
Let t = -10 - -15. Suppose 4*p = -t*n + 169, -5*n - 5*p + 170 = -0*p. Does 11 divide n?
True
Let m(b) = 5*b - 2. Let d(o) = o**2 - 5*o + 1. Let q be d(4). Let s be m(q). Let t = s + 35. Is 9 a factor of t?
True
Suppose -y + 0*y - 17 = -5*d, 5*d = 4*y - 7. Suppose 3*c = x - 3*x, -4*c = y. Suppose -14 = -4*b + x*b. Does 7 divide b?
True
Suppose w = 1 + 1. Suppose -3*h = -4*h + 5, -w*q + 4*h + 40 = 0. Does 15 divide q?
True
Suppose -z - 3*z = 240. Let v = z + 118. Is (-4)/(-6) + v/3 a multiple of 20?
True
Let c(y) = -y**3 + 4*y**2 + 6*y - 5. Let h be ((-15)/(-6))/(2/4). Let s be c(h). Suppose 4*w - 104 + 16 = s. Does 11 divide w?
True
Let z(y) = y**2 - 6. Let u be ((-9)/4)/((-6)/(-16)). Is 16 a factor of z(u)?
False
Let s(p) = -4*p. Let b be s(-1). Suppose b*o - 14 = -j + 12, 4*o = -16. Is j a multiple of 14?
True
Suppose 0 = -3*l + 38 + 22. Suppose p = -t + 6, -t = 4*t - l. Suppose -o + p*o = 11. Does 8 divide o?
False
Suppose 2*a = -5*r + 695, 2*a = a + 5. Is 26 a factor of r?
False
Suppose -9*q - 20 = -11*q. Is q a multiple of 10?
True
Let h(l) = -12*l - 6. Is 15 a factor of h(-3)?
True
Let v be (4 - 0)*(-1)/1. Let z = 4 - v. Does 8 divide z?
True
Suppose -135 = -6*a + 81. Does 13 divide a?
False
Suppose 0 = -0*d + 4*d + 3*l, -2*d + 5*l = -26. Suppose 3*p - 3*n - 69 = 0, d*p + 8 = n + 87. Is 14 a factor of p?
True
Let h(x) = -11*x - 14. Is h(-6) a multiple of 35?
False
Suppose 4*v - 258 = 94. Is 24 a factor of v?
False
Suppose 0 = 3*o - 0*o - 3*m - 135, 5*m = -3*o + 143. Is 23 a factor of o?
True
Let r = 116 + -72. Is r a multiple of 22?
True
Is 3 - 4/(-8)*14 a multiple 